ivative of 12 + 1/3*m**3 - 8*m - 3*m**2. Give n(7).
-1
Let v(k) = 0*k + 2 - 12*k + 11. Let g(p) be the second derivative of -p**3 + 7*p**2/2 - 161*p. Let c(u) = 11*g(u) - 6*v(u). What is c(1)?
5
Let s(m) be the third derivative of m**5/60 + 5*m**4/24 - m**3 + 34*m**2. Let l(q) = q - 22. Let b be l(16). Calculate s(b).
0
Let x(g) = -4*g**2 + 0*g**2 - 8 - 7*g**3 + 0*g**2 - 4*g. Let p = -21 - -15. Let b(i) = -6*i**3 - 4*i**2 - 4*i - 7. Let f(w) = p*b(w) + 5*x(w). Give f(-3).
-1
Let u(f) = -f - 6. Let l(m) = m + 6. Let g(d) = -4*l(d) - 3*u(d). Let c(y) = -y + 11. Let n be c(13). Let r = -8 - n. What is g(r)?
0
Let p be (-13 - -10) + -1*3. Let i(z) be the third derivative of 3*z**2 - 1/120*z**6 + 0*z - 7/60*z**5 + 0 - 1/4*z**4 - 1/6*z**3. Calculate i(p).
-1
Let x(y) = 2 + 6*y - 25*y**3 + 14*y**3 + 12*y**3 + 5*y**2. Let k(f) = 5*f**3 - f**2 - f + 1. Let w be k(-1). Calculate x(w).
-6
Let w(p) = 3*p**3 - 8*p**2 + 5*p. Let a(t) = -2*t**3 + 8*t**2 - 6*t - 1. Let b(v) = 4*a(v) + 3*w(v). Calculate b(-9).
-4
Let c(t) = 6*t**2 + t. Let z = 29 + -31. Let o be 4 + (1 - z) + -6. Calculate c(o).
7
Suppose -w - 5*m - 29 - 7 = 0, -2*w + 2*m - 24 = 0. Let u = w + 13. Let l(i) = i**3 + 5*i**2 + 3*i + 2. What is l(u)?
11
Let n(p) = -p**3 + 10*p**2 - 11*p - 7. Let h be 4 - (56/196 - 30/7). Give n(h).
33
Suppose b = 5*u - 26, 0*b + 3*u - 12 = -3*b. Let j(c) be the first derivative of c**3 + 9*c - 5. Let r(t) be the first derivative of j(t). Give r(b).
-6
Let y(s) be the first derivative of -1/3*s**3 - 9 + 0*s - 2*s**2. Calculate y(-5).
-5
Let w = 135 - 140. Let p(j) be the first derivative of j**2 + j + 0*j - 1 + j. Give p(w).
-8
Let v(z) = -3*z**2 + 3*z - 35 + 0*z + 33 + z. Let p = -9 - -19. Suppose -4 = 4*d - 2*d + 4*u, d - 4*u = p. Determine v(d).
-6
Let x(b) = b - 17 + 10 + 19 + b. Let u be (3/2)/(1/(-6)). Give x(u).
-6
Let j(c) = -6*c - 13 - 4*c + 3 + 9*c. Let q be j(-5). Let w(g) = g**2 + 6*g + 4. Determine w(q).
-1
Let q(y) = -3*y - 38. Let s(i) = -3*i - 34. Let v(m) = 5*q(m) - 6*s(m). Determine v(-5).
-1
Suppose 0 = -j + 7*j. Let r(u) = -u**3 + 2*u - 1. Let f be r(j). Let m(h) be the third derivative of -h**4/6 - h**3/6 + h**2. Calculate m(f).
3
Let o(c) = -c**2 - 2*c + 4. Suppose 6*r + 27 = -3*r. What is o(r)?
1
Suppose 0 = -3*q + 4*g - 9, -3*q + 2*g - g = 0. Let z(y) = 7*y - 1. Calculate z(q).
6
Let n(v) = 4*v**3 - v + 1. Let d be n(1). Suppose d*z + 0 = -20. Let j be z + 1 + (1 - -1). Let m(a) = -a + 1. Give m(j).
3
Let n(y) = 10*y - 4. Let m(q) = -10*q - 3 + 8*q + 3. Let i(x) = -2*m(x) - n(x). Determine i(3).
-14
Let u(n) = -10 + 0 + 3 - n**2 + 8 + n. Let m(q) = -3*q**2 - 2*q + 8. Let d(p) = m(p) - 2*u(p). Let b(a) be the first derivative of d(a). Determine b(-6).
8
Let o(y) = -y**3 + 7*y**2 - 6*y + 6. Suppose -l = -5*l - 164. Let i = l - -47. Give o(i).
6
Let p(t) = 3*t**3 - 2*t**2. Let f(v) = 2*v**3 - v - 1. Let l(w) = 2*f(w) - p(w). Determine l(3).
37
Let q(n) = -n**3 - 5*n**2 + n - 5. Suppose 19 + 37 = 8*p. Suppose 3*s + 18 = h, 3*s + p = -4*h + 4. What is q(s)?
-10
Let l(c) be the first derivative of c**4/12 - 2*c**2 + 18*c + 18. Let t(j) be the first derivative of l(j). Determine t(4).
12
Let b(y) = y**3 - y**2 - 2*y - 1. Let t be 12/(-4) + (-22)/(-2). Suppose 3*f - 2*f = t. Suppose -4*o - l + 2*l = -f, 6 = 3*o + 5*l. Calculate b(o).
-1
Let c(r) = -216*r - 438. Let w be c(-2). Let j(l) = -l**2 - 8*l - 7. Calculate j(w).
5
Let k be (-125)/(-15) + (-8)/6. Let n(s) = -s**2 + 8*s - 10. Let j be n(k). Let d(t) = -3*t - 3. What is d(j)?
6
Let b(j) be the first derivative of 0*j**2 + 10 + 0*j - 1/3*j**3 - 15/4*j**4. Give b(1).
-16
Let h(t) = 12*t - 33*t - 4*t**2 + 17*t + 4*t**2 - t**3 - 7 + 6*t**2. Let j be (-2)/(-2)*(7 - 1). Suppose -q = -j + 1. What is h(q)?
-2
Let s be (2 - (2 - 4)) + -4. Let b(j) = 6*j + 2*j**2 + 2*j**2 - 3*j**2 - 12 + s*j**2. Determine b(-9).
15
Let r(g) = 3*g**2 - 3*g - 2. Let u(m) = 7*m**2 - 6*m - 3. Let h(n) = 9*r(n) - 4*u(n). Let s be -3*6/(3 + (-15)/(-10)). Calculate h(s).
-10
Let n be ((3 - 8)/(-20))/((-1)/(-44)). Suppose 6*s = -19 - n. Let r(m) = -m**3 - 6*m**2 - 8*m - 6. Calculate r(s).
9
Suppose 3*k - 44 = q, 10*k - 2*q - 75 = 5*k. Let t(f) = 2*f**2 - f - 1. Let i(j) = -j**2 + j. Let u(o) = k*i(o) + 6*t(o). Determine u(5).
4
Let g(d) be the second derivative of d**3/6 + 37*d. Let q(c) = -c**2 + 20*c - 25*c + 0*c**2 + 1. Let a be q(-6). What is g(a)?
-5
Let p(m) = 4*m - 14. Let i = -1059 + 1066. Give p(i).
14
Let g be (-2)/(-3) + (-50)/(-6). Let a(d) = -12*d + 20*d - 7*d - 6 + 3 - 1. Give a(g).
5
Let g(h) = 19*h**2 + 14*h**2 - 29*h - 34*h**2 + 26*h. What is g(-2)?
2
Let g(z) = 6*z**2 - 2*z - 1. Let h(q) = -5*q**2 + q + 1. Let c(r) = -g(r) - h(r). What is c(2)?
-2
Suppose 3*s = -4*a + 2*a - 9, -2*s = -2*a + 6. Let q be 3/5 - 14/(-10). Let o(f) = 4 - 17*f**2 - f**3 + 5*f**2 + 3*f + 10*f**q. What is o(s)?
4
Let m(x) = 110*x**2 + 145*x**2 + x - 256*x**2. What is m(-4)?
-20
Let s(a) = -1 + 3*a + 16 - 2 - 17 - 2*a. Suppose z = v + 2, -2*z + v - 4*v + 4 = 0. Suppose c - 10 = -z. Give s(c).
4
Let h(r) = -2*r - 24. Let a(m) = -m - 14. Let v(k) = -5*a(k) + 3*h(k). Suppose 5*l = 18 + 7. Suppose 4*j = -0*j + 8, -4*q = l*j - 10. What is v(q)?
-2
Let c be 7*120/(-50)*(-25)/70. Let i(u) = -u**3 + 8*u**2 - 11*u - 3. Give i(c).
3
Let u(b) be the second derivative of -1/2*b**4 - 8*b + 0 - 2*b**2 - 1/20*b**5 - 1/2*b**3. Suppose -4*g + 5*s = 10, -4*g - 2*s - 33 + 9 = 0. Determine u(g).
-14
Suppose -429 = -5*x - 2*o, o + 4*o = -15. Let n be x/15 + (-3)/(-15). Let i(u) = u**2 - 6*u + 6. Determine i(n).
6
Let v(b) = -2*b**2 + 21*b + 6. Let l be v(11). Let x(a) = a**2 + 5*a + 2. Determine x(l).
2
Let p(n) = n**3 - 2*n**2 + 3*n - 1. Let b be (-74)/(-629) - (0 - 64/34). Give p(b).
5
Let u(f) = f**2 + 7*f - 5. Let m be 0 + 2 + 2 - 61/(-1). Let y = -73 + m. What is u(y)?
3
Let v(n) be the first derivative of -n**4/4 + 7*n**3/3 + n**2 - 6*n + 171. Calculate v(7).
8
Let b(d) = d**2 - 24*d + 2. Let f(z) = z**2 - 27*z + 2. Let g(p) = -6*b(p) + 5*f(p). Suppose 3*k - 2*v - 25 = 0, -50 = -4*k + 4*v - 14. What is g(k)?
12
Let n(o) = 11*o - 4*o - o - 13 + o - 6*o. Calculate n(14).
1
Let n(h) = -6*h - 4. Let v be (-2 - 2)/(2/(-3) + 0). Suppose j = -5*q + v*j, -4 = j. Determine n(q).
20
Suppose -31 = 4*s - 3*h, -2*s - 2*h + 3 = 1. Let i be (-2)/s*112/(-14). Let x(c) = -2*c**2 - 7*c - 5. Give x(i).
-9
Let n be (-1 - (2 + -2))*4/(-12). Let c(p) be the first derivative of n*p**3 + 1/4*p**4 - 6 - 2*p - 3/2*p**2. Determine c(-3).
-11
Suppose 5*b - 3*b - 14 = 0. Let f = b + -3. Let r(v) be the second derivative of v**5/20 - v**4/4 - 2*v**3/3 - v**2 - 41*v + 5. Give r(f).
-2
Suppose 52 - 14 = -19*m. Let l(i) = i**3 + 5*i**2 + 2*i - 2. Give l(m).
6
Suppose -2*u = 3*u. Let z = u - 3. Let h(o) = 5*o**2 - 12*o - 9. Let t(j) = 2*j**2 - 4*j - 3. Let i(m) = -4*h(m) + 11*t(m). Determine i(z).
9
Let g(f) = -5*f**2 - 9*f - 3. Let x(i) = -9*i**2 - 17*i - 5. Let q(c) = -5*g(c) + 3*x(c). What is q(-3)?
0
Suppose -19*x = -23*x - 2*l + 10, -3*x - 3 = 5*l. Let p(m) = 4*m - 3*m - 6 + 3*m. What is p(x)?
10
Let q be (4 - 6)/(6/(-15)). Let h(z) = -5*z**2 + 4*z**2 + q*z**2 - 1. Calculate h(1).
3
Let o(l) = -2*l. Let q = 2016 + -2013. Give o(q).
-6
Let d(z) be the second derivative of 3*z**2 + 0 + 14*z + 5/6*z**3 - 1/2*z**4 + 1/20*z**5. Calculate d(5).
6
Suppose 34 = -59*z + 329. Let y(x) = -x**2 + 8*x - 6. Give y(z).
9
Let z(y) = y**2 + 8*y + 5. Suppose 4*x = 5*p + 100, -p - 56 = -3*x - 2*p. Let g = -7 - x. Let u = 21 + g. Give z(u).
-7
Let q(z) = z**2 - 1. Suppose 3*g = -4*k + 120, 3*k + 2*g - 77 = 3*g. Let a be 6/k - 2/54*33. Determine q(a).
0
Suppose 12 = 3*o - 0*o. Suppose -4*m = 5*l - 148, 3*m + 185 = 8*m - 4*l. Let i(y) = m*y + 3*y**2 + 3 - y**3 - 38*y - y**2 + 2*y**2. Give i(o).
-1
Let a = 4 - -4. Suppose m + 42 = a*m. Let v(t) be the second derivative of t**5/20 - 7*t**4/12 + 7*t**3/6 - 3*t**2/2 + t. Calculate v(m).
3
Let i(x) = -5*x + 3. Suppose 11 = 3*n - 4*f, 0 = 2*n - 2*f - 2 - 4. Let t = 4 - n. Determine i(t).
-12
Let z(s) = -s**2 - 4*s + 8. Let p be z(-4). Let t(l) = -l**3 + 7*l**2 + 5*l + 6. Determine t(p).
-18
Suppose 0*r + 4 = -4*r. Let a(p) = -3*p + 8. Let b(c) = c - 5. Let d(x) = -3*a(x) - 5*b(x). What is d(r)?
-3
Let c(k) = -23*k + 9. Let r(p) = 31*p - 10. Let n(v) = 